a.
7
Suppose -8*c + 75 + 21 = 0. Suppose -c*a + 7848 = 1488. Calculate the highest common factor of a and 10.
10
Suppose 0 = -13*p - 47 + 125. Calculate the greatest common divisor of 93 and p.
3
Suppose -199*t - 268 = -266*t. Calculate the highest common divisor of t and 4724.
4
Suppose 5*h - 378 = -218. Calculate the greatest common divisor of 240 and h.
16
Let f = 9039 - 8493. Let m(s) = 3*s**2 - 4*s - 4. Let j be m(8). Calculate the greatest common factor of f and j.
78
Let p(z) = 11*z**2 + 36*z - 125. Let f be p(10). Calculate the greatest common divisor of 60 and f.
15
Let r be (-6)/(-21) + -22985*8/(-280). What is the greatest common factor of r and 146?
73
Let g be ((-4060)/90 + 3/27)*-13. What is the highest common factor of 45 and g?
45
Let b = 36 + -32. Suppose -108 = -b*y + y. Let z = -29 - -33. What is the greatest common factor of z and y?
4
Let l(f) = 914*f - 2708. Let x be l(4). What is the greatest common divisor of x and 888?
12
Let m be (-8888)/(-528) - (-10)/(-12). Calculate the highest common factor of 3088 and m.
16
Suppose -3*p - 2*z = -112 - 65, -222 = -4*p + 2*z. Suppose -y + 18 = 3*n - p, 0 = -5*n + 3*y + 139. What is the greatest common factor of n and 6?
2
Let q be 16 + 5 + (7 - -34) + -48. Let a = 2 + -2. Suppose o = -a*o + 2. Calculate the greatest common factor of o and q.
2
Let t be (-5 - (-234)/30)*80. Let s = 7 - 2. Suppose -s*r = -2*f - 158, 2*r + 0*r + 3*f = 67. What is the greatest common divisor of t and r?
32
Let x = 6671 - 5777. What is the greatest common factor of x and 1937?
149
Suppose 3*z = 5*c - 119, -3*z - 179 + 15 = 4*c. Let f be (52/104)/(((-2)/1)/z). Calculate the greatest common divisor of f and 60.
12
Suppose 30*i = 1418 + 3532. Suppose -861*v + 872*v - i = 0. Calculate the highest common factor of 375 and v.
15
Let v(h) = h**3 - 17*h**2 + 29*h + 36. Let d be v(15). Let y = -9 + 23. What is the highest common divisor of d and y?
7
Suppose -2*x = -0*x - 80. Let o = -29837 + 30037. Calculate the highest common divisor of x and o.
40
Suppose 4*o + 4*l - 428 = -0*o, -4*o - 2*l = -434. Suppose -12*i - 296 = 268. Let b = 67 + i. Calculate the highest common factor of o and b.
10
Let i(m) = -m**3 - 19*m**2 - 18*m - 4. Let n be i(-18). Let y be ((-2)/n)/(12/840). Let o = -3 + 8. Calculate the highest common divisor of y and o.
5
Let g be (4 - (-13875)/20) + (-15)/20. Let u = 752 - g. Calculate the highest common divisor of 77 and u.
11
Let c(j) = 107*j - 2175. Let z be c(27). What is the highest common divisor of z and 8?
2
Suppose 14*w + 3*w + 51 = 0. Let v be ((-14)/(-56))/(w/(-456)). Calculate the highest common factor of 19 and v.
19
Let h(v) = -10*v**3 - 8*v**2 - 489*v - 975. Let t be h(-2). Let z(y) = 27*y**2 + 3*y. Let f be z(-2). What is the greatest common divisor of f and t?
51
Let s(i) = -105*i + 20. Let o be s(3). Let f = -286 - o. What is the highest common divisor of 18 and f?
9
Suppose 498*u + 42 = 500*u + 3*o, -5*u = 4*o - 63. Let x(m) = 2*m**2 - 3*m - 1. Let i be x(-2). What is the greatest common factor of i and u?
1
Let o = -223 + 246. Suppose 0 = 3*h - o - 31. Calculate the highest common divisor of 2 and h.
2
Let u be 35/5 + 2 + -8. Suppose 71 = 3*r - 4*j, -3*r - 4*j - u = -80. Let g(i) = -2*i - 1. Let m be g(-3). What is the greatest common factor of m and r?
5
Suppose 3*f - 927 = 528. Let m = -143 + f. Let i = 202 + -164. What is the highest common divisor of m and i?
38
Let i(l) = 2*l - 12. Let t be i(7). Suppose -t*z + 165 = 3*z. Calculate the greatest common factor of 143 and z.
11
Suppose -2*g = 5*r - 173, -84*r + 81*r + 3*g + 87 = 0. Let n be (-152)/12*(-4 + (1 - r)). What is the greatest common factor of n and 24?
24
Suppose 5*t - 89 - 11 = -5*i, -t = -4*i + 65. Suppose -4743*z - 55352 = -5150*z. What is the greatest common factor of z and i?
17
Let l be (-7)/21*-1 + (196/6 - -9). What is the highest common factor of 4746 and l?
42
Let h(j) = j**3 - 10*j**2 + 25*j + 21. Let a be h(9). Let z be (-171)/(-38)*22/3. What is the greatest common factor of z and a?
33
Suppose 5*z - 79 - 116 = 0. Suppose -226*h + 232*h = 1092. Calculate the greatest common divisor of h and z.
13
Suppose 349 + 54731 = 157*d + 47*d. Calculate the highest common factor of 2214 and d.
54
Let f be 7 + -7 + 78 + 11. What is the highest common divisor of f and 2047?
89
Let j be 12/8 - (-51)/102. What is the highest common divisor of 75 and j?
1
Suppose 40*g + 26*g = 1452. Calculate the greatest common factor of 4224 and g.
22
Let t be 24/60 + 1528/5. Let c = 2326 + -2308. What is the highest common factor of c and t?
18
Let f = 103 + -101. Suppose -f*l = 0, 0*l - 2*l - 546 = -2*a. What is the highest common divisor of a and 21?
21
Let v(a) = -2*a + 5. Let z be v(0). Suppose 2*d = 4, 5 = 2*x + 4*d - z. Suppose -3*y = -4 - 20. What is the greatest common factor of x and y?
1
Suppose -5077 - 1069 = -4*j + 2*w, -3*j - 3*w = -4632. Calculate the highest common divisor of j and 162.
81
Let s = 27851 - 27834. Calculate the highest common divisor of 39712 and s.
17
Let b(d) be the second derivative of -1/4*d**4 - 21*d + 2*d**2 - 1/3*d**3 + 1/20*d**5 + 0. Let i be b(4). Calculate the greatest common divisor of 84 and i.
12
Let x be ((-24)/18)/(3/(-153)). Suppose 11*h + x = 15*h. Suppose 5*z - 31 - 54 = 0. What is the highest common factor of z and h?
17
Let m be (15/4)/((-2)/(-8)). Suppose 3*k = -2*a + 509, 0 = -0*k - 5*k - 4*a + 853. Calculate the highest common divisor of k and m.
15
Let m be ((4 + 4)/2)/((-4)/18). Let g = 6 - -69. Let z be (5*m/g)/((-6)/500). Calculate the highest common factor of 40 and z.
20
Suppose 0 = -8*j + 87 + 417. Let s be (-909)/j + 6/14. Let n = 44 + s. Calculate the greatest common divisor of n and 30.
30
Suppose 0 = -9*d + 140 + 22. Let z = -14 - -11. Let y be 25 + (-2)/(-6)*z. What is the highest common factor of d and y?
6
Suppose 100 + 96 = t. Suppose t = 4*o + 2*c, -4*c = -2*o - 3*c + 102. Let p = 94 + o. Calculate the highest common factor of 18 and p.
18
Let m = 18623 + -18423. Let v be (-11 + 3)*(0 + -1). What is the highest common divisor of v and m?
8
Suppose -73*r + 18 = -68*r + 2*o, -3*o = -3*r + 15. Let j = 226 + r. What is the greatest common factor of j and 46?
46
Suppose 5*m - 4 = 9*m. Let r(b) = -b**3 - 28*b**2 - 53*b - 30. Let c be r(-26). Let z be c - 2/(105/111 + m). Calculate the highest common divisor of 77 and z.
11
Suppose -790 = 12*x + 3*x - 2215. What is the highest common factor of 25 and x?
5
Let t be ((1170/(-12))/13)/((-265928)/(-24176) + -11). What is the highest common divisor of t and 15?
15
Let h(j) = 2*j**2 - 14*j - 13. Let d be h(-1). Suppose 7*f + 27 = 2*i + 8*f, -5*i + d*f + 73 = 0. What is the highest common factor of 70 and i?
14
Let n = -15314 - -36874. Suppose -6*x = -34*x + n. What is the greatest common divisor of 55 and x?
55
Suppose 2*f - 4*s = 252, 2*f + 655*s - 255 = 656*s. Calculate the greatest common divisor of f and 4528.
16
Let d = 66 - 7. Let i = d + -43. Suppose 4*n - 44 = i. What is the highest common factor of n and 15?
15
Let i(c) = c**3 - 9*c**2 + c + 67. Let t be i(9). Let j = 36 + t. Calculate the greatest common factor of 80 and j.
16
Let y = 5124 + -2460. Suppose 28*w - y = -8*w. Calculate the highest common divisor of w and 370.
74
Let y(k) = 64*k + 1411. Let x be y(-22). What is the highest common divisor of 59 and x?
1
Let w = 1536 - -137. Calculate the greatest common factor of w and 7.
7
Suppose -3*a = 5*i - 0 - 5, -2*a = 2*i + 2. Let g(w) = 27*w**2 - 354*w - 355. Let p be g(-1). What is the highest common divisor of i and p?
2
Let u(z) be the third derivative of -z**5/60 - z**4 + 37*z**3 - 4*z**2 - 9*z. Let n be u(-29). Let x = 64 - 42. Calculate the highest common factor of x and n.
11
Let c be (4 - 77/21)/((-2)/(-1002)). Let s = c - 132. Calculate the highest common factor of 20 and s.
5
Let o(t) = -t**2 + 14*t - 13. Let a be o(9). Let r be 22/(-60)*-33 + 3/(-30). What is the greatest common factor of r and a?
4
Let h(s) be the first derivative of -s**4/4 - 13*s**3/3 + 2*s**2 - 60*s - 109. Let b be h(-14). Calculate the highest common divisor of 70 and b.
10
Suppose 0 = -4*c + 55 + 81. Suppose -15*t - 1290 = -5370. What is the highest common divisor of t and c?
34
Let u(r) = -r**2 - 18*r - 27. Let l be u(-1